{"id":2,"date":"2023-04-16T22:52:56","date_gmt":"2023-04-16T22:52:56","guid":{"rendered":"http:\/\/topwebempresarial.com\/?page_id=2"},"modified":"2023-04-23T15:35:19","modified_gmt":"2023-04-23T15:35:19","slug":"pagina-ejemplo","status":"publish","type":"page","link":"https:\/\/topwebempresarial.com\/","title":{"rendered":"Landing page"},"content":{"rendered":"\n<div class=\"wp-block-uagb-container uagb-block-44e9fe12 alignfull uagb-is-root-container\">\n<div class=\"wp-block-uagb-container uagb-block-7de3506b\"><\/div>\n\n\n\n<div class=\"wp-block-uagb-container uagb-block-5130d0b9\">\n<div class=\"wp-block-uagb-advanced-heading uagb-block-91be1ba9\"><h1 class=\"uagb-heading-text\">IMPULSA TU NEGOCIO<\/h1><\/div>\n\n\n\n<div class=\"wp-block-uagb-advanced-heading uagb-block-11df2731\"><h4 class=\"uagb-heading-text\">Haz realidad tu presencia en l\u00ednea con una web \u00fanica y personalizada<\/h4><\/div>\n\n\n\n<div class=\"wp-block-uagb-advanced-heading uagb-block-5bd994a4\"><h5 class=\"uagb-heading-text\">Una p\u00e1gina web atractiva mejora la visibilidad y credibilidad de tu negocio, a dem\u00e1s de aumentar potencialmente tu cartera de clientes.<br><br><strong>\u00a1No te quedes atr\u00e1s y adapta tu negocio a Internet hoy mismo!<\/strong><\/h5><\/div>\n\n\n\n<div class=\"wp-block-uagb-buttons uagb-buttons__outer-wrap uagb-btn__default-btn uagb-btn-tablet__default-btn uagb-btn-mobile__default-btn uagb-block-1340c904\"><div class=\"uagb-buttons__wrap uagb-buttons-layout-wrap\">\n<div class=\"wp-block-uagb-buttons-child uagb-buttons__outer-wrap uagb-block-1bcf7c2f wp-block-button is-style-outline\"><div class=\"uagb-button__wrapper\"><a class=\"uagb-buttons-repeater wp-block-button__link has-background has-text-color\" href=\"#\" onclick=\"return false;\" rel=\"follow noopener\" target=\"_self\"><div class=\"uagb-button__link\">PEDIR PRESUPUESTO<\/div><span class=\"uagb-button__icon uagb-button__icon-position-after\"><svg xmlns=\"https:\/\/www.w3.org\/2000\/svg\" viewBox=\"0 0 448 512\"><path d=\"M438.6 278.6l-160 160C272.4 444.9 264.2 448 256 448s-16.38-3.125-22.62-9.375c-12.5-12.5-12.5-32.75 0-45.25L338.8 288H32C14.33 288 .0016 273.7 .0016 256S14.33 224 32 224h306.8l-105.4-105.4c-12.5-12.5-12.5-32.75 0-45.25s32.75-12.5 45.25 0l160 160C451.1 245.9 451.1 266.1 438.6 278.6z\"><\/path><\/svg><\/span><\/a><\/div><\/div>\n<\/div><\/div>\n<\/div>\n<\/div>\n\n\n\n<div class=\"wp-block-uagb-container uagb-block-e100bf04 alignfull uagb-is-root-container\"><div class=\"uagb-container-inner-blocks-wrap\">\n<div class=\"wp-block-uagb-advanced-heading uagb-block-e66f8061\"><h1 class=\"uagb-heading-text\">\u00bfNO TIENES WEB?<\/h1><\/div>\n\n\n\n<div class=\"wp-block-uagb-advanced-heading uagb-block-3ab14ae6\"><h2 class=\"uagb-heading-text\">Est\u00e1s perdiendo oportunidades<\/h2><\/div>\n\n\n\n<p class=\"has-text-align-center has-medium-font-size\">En \u00abTu Web Empresarial\u00bb vas a encontrar la manera de dar el salto al siglo XXI. Hoy en d\u00eda es primordial que tu negocio cuente con una p\u00e1gina en l\u00ednea si quieres tener la oportunidad de <strong>destacar entre la multitud<\/strong>.<\/p>\n\n\n\n<div style=\"height:20px\" aria-hidden=\"true\" class=\"wp-block-spacer\"><\/div>\n\n\n\n<div class=\"wp-block-columns is-layout-flex wp-container-4\" style=\"border-style:none;border-width:0px;padding-top:var(--wp--preset--spacing--20);padding-right:var(--wp--preset--spacing--20);padding-bottom:var(--wp--preset--spacing--20);padding-left:var(--wp--preset--spacing--20)\">\n<div class=\"wp-block-column is-layout-flow\">\n<div class=\"wp-block-uagb-image aligncenter uagb-block-7113057b wp-block-uagb-image--layout-default wp-block-uagb-image--effect-static wp-block-uagb-image--align-center\"><figure class=\"wp-block-uagb-image__figure\"><img decoding=\"async\" srcset=\"https:\/\/topwebempresarial.com\/wp-content\/uploads\/2023\/04\/icono-empresa.webp \" src=\"https:\/\/topwebempresarial.com\/wp-content\/uploads\/2023\/04\/icono-empresa.webp\" alt=\"\" class=\"uag-image-166\" width=\"80\" height=\"80\" title=\"\" loading=\"lazy\"\/><\/figure><\/div>\n\n\n\n<div class=\"wp-block-uagb-advanced-heading uagb-block-b703e2a4\"><h3 class=\"uagb-heading-text\">Empresas<\/h3><div class=\"uagb-separator\"><\/div><p class=\"uagb-desc-text\">Aumenta tu cartera de clientes y mejora la accesibilidad de tus servicios creando confianza en tu marca.<\/p><\/div>\n<\/div>\n\n\n\n<div class=\"wp-block-column is-layout-flow\">\n<div class=\"wp-block-uagb-image aligncenter uagb-block-b5829824 wp-block-uagb-image--layout-default wp-block-uagb-image--effect-static wp-block-uagb-image--align-center\"><figure class=\"wp-block-uagb-image__figure\"><img decoding=\"async\" srcset=\"https:\/\/topwebempresarial.com\/wp-content\/uploads\/2023\/04\/icono-tienda.webp \" src=\"https:\/\/topwebempresarial.com\/wp-content\/uploads\/2023\/04\/icono-tienda.webp\" alt=\"\" class=\"uag-image-190\" width=\"80\" height=\"80\" title=\"\" loading=\"lazy\"\/><\/figure><\/div>\n\n\n\n<div class=\"wp-block-uagb-advanced-heading uagb-block-a5be469d\"><h3 class=\"uagb-heading-text\">E-Commerce<\/h3><div class=\"uagb-separator\"><\/div><p class=\"uagb-desc-text\">Un sitio online donde vender tus productos desde cualquier lugar y en cualquier momento.<\/p><\/div>\n<\/div>\n\n\n\n<div class=\"wp-block-column is-layout-flow\">\n<div class=\"wp-block-uagb-image aligncenter uagb-block-a21d2dd1 wp-block-uagb-image--layout-default wp-block-uagb-image--effect-static wp-block-uagb-image--align-center\"><figure class=\"wp-block-uagb-image__figure\"><img decoding=\"async\" srcset=\"http:\/\/topwebempresarial.com\/wp-content\/uploads\/2023\/04\/icono-blog.webp \" src=\"http:\/\/topwebempresarial.com\/wp-content\/uploads\/2023\/04\/icono-blog.webp\" alt=\"\" class=\"uag-image-191\" width=\"80\" height=\"80\" title=\"\" loading=\"lazy\"\/><\/figure><\/div>\n\n\n\n<div class=\"wp-block-uagb-advanced-heading uagb-block-d32332ad\"><h3 class=\"uagb-heading-text\">Blogs<\/h3><div class=\"uagb-separator\"><\/div><p class=\"uagb-desc-text\">Comparte tus experiencias e interact\u00faa con tus lectores a trav\u00e9s de comentarios.<br><\/p><\/div>\n<\/div>\n<\/div>\n<\/div><\/div>\n\n\n\n<div style=\"height:50px\" aria-hidden=\"true\" class=\"wp-block-spacer\"><\/div>\n\n\n\n<div class=\"wp-block-uagb-container uagb-block-aa9b3ed6 alignfull uagb-is-root-container\"><div class=\"uagb-container-inner-blocks-wrap\">\n<div class=\"wp-block-uagb-container uagb-block-86ba9b11\">\n<div class=\"wp-block-uagb-advanced-heading uagb-block-3e1e4119\"><h1 class=\"uagb-heading-text\"><strong>Alcanza tu \u00e9xito<\/strong><\/h1><\/div>\n\n\n\n<div class=\"wp-block-uagb-icon-list uagb-block-ad86ff32\"><div class=\"uagb-icon-list__wrap\">\n<div class=\"wp-block-uagb-icon-list-child uagb-block-aa18694e\"><span class=\"uagb-icon-list__source-wrap\"><svg xmlns=\"https:\/\/www.w3.org\/2000\/svg\" viewBox=\"0 0 512 512\"><path d=\"M256 0C114.6 0 0 114.6 0 256c0 141.4 114.6 256 256 256s256-114.6 256-256C512 114.6 397.4 0 256 0zM406.6 278.6l-103.1 103.1c-12.5 12.5-32.75 12.5-45.25 0s-12.5-32.75 0-45.25L306.8 288H128C110.3 288 96 273.7 96 256s14.31-32 32-32h178.8l-49.38-49.38c-12.5-12.5-12.5-32.75 0-45.25s32.75-12.5 45.25 0l103.1 103.1C414.6 241.3 416 251.1 416 256C416 260.9 414.6 270.7 406.6 278.6z\"><\/path><\/svg><\/span><span class=\"uagb-icon-list__label\"><strong>20%<\/strong> de descuento en tu primera Web. <\/span><\/div>\n\n\n\n<div class=\"wp-block-uagb-icon-list-child uagb-block-f733538d\"><span class=\"uagb-icon-list__source-wrap\"><svg xmlns=\"https:\/\/www.w3.org\/2000\/svg\" viewBox=\"0 0 512 512\"><path d=\"M256 0C114.6 0 0 114.6 0 256c0 141.4 114.6 256 256 256s256-114.6 256-256C512 114.6 397.4 0 256 0zM406.6 278.6l-103.1 103.1c-12.5 12.5-32.75 12.5-45.25 0s-12.5-32.75 0-45.25L306.8 288H128C110.3 288 96 273.7 96 256s14.31-32 32-32h178.8l-49.38-49.38c-12.5-12.5-12.5-32.75 0-45.25s32.75-12.5 45.25 0l103.1 103.1C414.6 241.3 416 251.1 416 256C416 260.9 414.6 270.7 406.6 278.6z\"><\/path><\/svg><\/span><span class=\"uagb-icon-list__label\">Dominio gratis el primer a\u00f1o.<\/span><\/div>\n\n\n\n<div class=\"wp-block-uagb-icon-list-child uagb-block-bfeb46ef\"><span class=\"uagb-icon-list__source-wrap\"><svg xmlns=\"https:\/\/www.w3.org\/2000\/svg\" viewBox=\"0 0 512 512\"><path d=\"M256 0C114.6 0 0 114.6 0 256c0 141.4 114.6 256 256 256s256-114.6 256-256C512 114.6 397.4 0 256 0zM406.6 278.6l-103.1 103.1c-12.5 12.5-32.75 12.5-45.25 0s-12.5-32.75 0-45.25L306.8 288H128C110.3 288 96 273.7 96 256s14.31-32 32-32h178.8l-49.38-49.38c-12.5-12.5-12.5-32.75 0-45.25s32.75-12.5 45.25 0l103.1 103.1C414.6 241.3 416 251.1 416 256C416 260.9 414.6 270.7 406.6 278.6z\"><\/path><\/svg><\/span><span class=\"uagb-icon-list__label\">6 meses de mantenimiento gratis.<\/span><\/div>\n<\/div><\/div>\n\n\n\n<div class=\"wp-block-uagb-countdown uagb-block-cea52d04\"><div class=\"wp-block-uagb-countdown__box wp-block-uagb-countdown__box-days\"><div class=\"wp-block-uagb-countdown__time wp-block-uagb-countdown__time-days\">&#8211;<\/div><div class=\"wp-block-uagb-countdown__label\">DAYS<\/div><\/div><div class=\"wp-block-uagb-countdown__box wp-block-uagb-countdown__box-hours\"><div class=\"wp-block-uagb-countdown__time wp-block-uagb-countdown__time-hours\">&#8211;<\/div><div class=\"wp-block-uagb-countdown__label\">HOURS<\/div><\/div><div class=\"wp-block-uagb-countdown__box wp-block-uagb-countdown__box-minutes\"><div class=\"wp-block-uagb-countdown__time wp-block-uagb-countdown__time-minutes\">&#8211;<\/div><div class=\"wp-block-uagb-countdown__label\">MINUTES<\/div><\/div><div class=\"wp-block-uagb-countdown__box wp-block-uagb-countdown__box-seconds\"><div class=\"wp-block-uagb-countdown__time wp-block-uagb-countdown__time-seconds\">&#8211;<\/div><div class=\"wp-block-uagb-countdown__label\">SECONDS<\/div><\/div><\/div>\n\n\n\n<div class=\"wp-block-uagb-buttons uagb-buttons__outer-wrap uagb-btn__default-btn uagb-btn-tablet__default-btn uagb-btn-mobile__default-btn uagb-block-07a8c8d4\"><div class=\"uagb-buttons__wrap uagb-buttons-layout-wrap\">\n<div class=\"wp-block-uagb-buttons-child uagb-buttons__outer-wrap uagb-block-c37d56be wp-block-button is-style-outline\"><div class=\"uagb-button__wrapper\"><a class=\"uagb-buttons-repeater wp-block-button__link has-background\" href=\"#\" onclick=\"return false;\" rel=\"follow noopener\" target=\"_self\"><div class=\"uagb-button__link\">EMPEZAR<\/div><\/a><\/div><\/div>\n<\/div><\/div>\n<\/div>\n<\/div><\/div>\n\n\n\n<div class=\"wp-block-uagb-container uagb-block-951d5855 alignfull uagb-is-root-container\"><div class=\"uagb-container-inner-blocks-wrap\">\n<div class=\"wp-block-uagb-advanced-heading uagb-block-4ff4c33b\"><h1 class=\"uagb-heading-text\">CREA TU ESTILO<\/h1><\/div>\n\n\n\n<div class=\"wp-block-uagb-advanced-heading uagb-block-e354765a\"><h5 class=\"uagb-heading-text\">Refleja la armon\u00eda de tu marca. Transmite sensaciones a los usuarios<\/h5><\/div>\n\n\n\n<div class=\"wp-block-uagb-container uagb-block-88634238\"><\/div>\n\n\n\n<div class=\"wp-block-uagb-container uagb-block-9e87b1d4\"><\/div>\n\n\n\n<div class=\"wp-block-uagb-container uagb-block-664dff36\"><\/div>\n<\/div><\/div>\n","protected":false},"excerpt":{"rendered":"","protected":false},"author":1,"featured_media":0,"parent":0,"menu_order":0,"comment_status":"closed","ping_status":"closed","template":"","meta":{"_uag_custom_page_level_css":"","_mi_skip_tracking":false,"site-sidebar-layout":"default","site-content-layout":"page-builder","ast-global-header-display":"","ast-main-header-display":"","ast-hfb-above-header-display":"","ast-hfb-below-header-display":"","ast-hfb-mobile-header-display":"","site-post-title":"disabled","ast-breadcrumbs-content":"","ast-featured-img":"","footer-sml-layout":"","theme-transparent-header-meta":"","adv-header-id-meta":"","stick-header-meta":"","header-above-stick-meta":"","header-main-stick-meta":"","header-below-stick-meta":""},"uagb_featured_image_src":{"full":false,"thumbnail":false,"medium":false,"medium_large":false,"large":false,"1536x1536":false,"2048x2048":false},"uagb_author_info":{"display_name":"erik.tuweb@gmail.com","author_link":"https:\/\/topwebempresarial.com\/?author=1"},"uagb_comment_info":0,"uagb_excerpt":null,"_links":{"self":[{"href":"https:\/\/topwebempresarial.com\/index.php?rest_route=\/wp\/v2\/pages\/2"}],"collection":[{"href":"https:\/\/topwebempresarial.com\/index.php?rest_route=\/wp\/v2\/pages"}],"about":[{"href":"https:\/\/topwebempresarial.com\/index.php?rest_route=\/wp\/v2\/types\/page"}],"author":[{"embeddable":true,"href":"https:\/\/topwebempresarial.com\/index.php?rest_route=\/wp\/v2\/users\/1"}],"replies":[{"embeddable":true,"href":"https:\/\/topwebempresarial.com\/index.php?rest_route=%2Fwp%2Fv2%2Fcomments&post=2"}],"version-history":[{"count":184,"href":"https:\/\/topwebempresarial.com\/index.php?rest_route=\/wp\/v2\/pages\/2\/revisions"}],"predecessor-version":[{"id":336,"href":"https:\/\/topwebempresarial.com\/index.php?rest_route=\/wp\/v2\/pages\/2\/revisions\/336"}],"wp:attachment":[{"href":"https:\/\/topwebempresarial.com\/index.php?rest_route=%2Fwp%2Fv2%2Fmedia&parent=2"}],"curies":[{"name":"wp","href":"https:\/\/api.w.org\/{rel}","templated":true}]}}